 = 31*d - 930. Let h be w(0). What is the tens digit of 1/(((-1)/h)/((-14)/(-42)))?
1
Let b be 2 + -1 - (28 - 20). What is the hundreds digit of 2 - (14 + b + -643)?
6
Let i(r) be the third derivative of -r**5/60 - r**4/3 + r**3 - 124*r**2. Let s = 2 - 7. What is the tens digit of i(s)?
2
Suppose 12*n = 11*n + 8. Suppose 7*x - n*x = -310. What is the tens digit of x?
1
Suppose -9164 - 4860 = 8*f. Let n = -1166 - f. What is the tens digit of n?
8
What is the ten thousands digit of (-802447)/(-35) - (-36)/(-630)?
2
What is the tens digit of 31551 - (1000/350 + 2/14)?
4
Let q be 3/21 + (-38636)/(-28) + -3. Suppose 207 + q = 3*x. What is the units digit of x?
8
Let q be (-11)/(-2)*(-10)/((-30)/(-6)). Let o = q + 46. What is the units digit of 3/(-1) - (-2 - (o - 5))?
9
Let i = -140 - -158. Let u = 720 - i. What is the tens digit of u?
0
Suppose -2*g - 3*g = -t - 26, 5*g + t = 24. Let q(j) = -j**2 + 8*j - 6. Let x be q(g). Suppose 0 = x*f + 761 - 3524. What is the units digit of f?
7
Let s = 159 - 170. Let x(q) be the third derivative of q**5/60 + q**4/3 + 5*q**3/3 + 3*q**2. What is the units digit of x(s)?
3
Let z(c) = -c**2 - 11*c - 5. Let b be z(-10). Suppose 18 = b*g - 2. Suppose -2*u = 5*d - 160, g*u - 48 = -2*d + 32. What is the tens digit of d?
3
Let o(b) = b**2 - 3*b - 5. Let q be o(12). Suppose -73 = 4*j - 3*j. Let z = q + j. What is the tens digit of z?
3
Let r be 1 + 2/2 + -1. Let y(w) = -1894*w + 4. Let q be y(r). What is the tens digit of 10/(-4) - q/20?
9
Let r be (-2 - 22)/((-6)/648). Suppose -532*x + 529*x + r = 0. What is the hundreds digit of x?
8
Let v(a) = -62*a - 204. Let l be v(-24). Suppose -35*w + l = -29*w. What is the tens digit of w?
1
Suppose -118*h + 123*h - 442026 = 2*n, h = -5*n + 88362. What is the ten thousands digit of h?
8
What is the tens digit of (-343735)/(-115) + 2*7/(-2)?
8
Let b(x) = -318*x**3 - 33. What is the thousands digit of b(-4)?
0
Let n(z) = -250*z + 39. Let v be n(3). Let w = v - -1163. What is the units digit of w?
2
Suppose -l = -8*i + 21608, 2*l = -889*i + 888*i + 2684. What is the tens digit of i?
0
Let c(l) = -8*l + 2. Let a be c(16). Suppose -x + 140 = -77. Let j = x + a. What is the units digit of j?
1
Suppose -52681 - 1239 = -4*d - 2*w, 3*d - w - 40420 = 0. What is the thousands digit of d?
3
Let v(q) = -1581*q - 122. Let z be v(-5). Suppose 5*y = -4*w + z, -y + 397 + 1160 = w. What is the hundreds digit of y?
5
Let k = 5851 + 11803. What is the ten thousands digit of k?
1
Let p be (0 - -8) + (11 - 17). What is the tens digit of p - 8/(40/(-985))?
9
Let a be (6 - 0)/(12/(-56)). Let r = 297 - a. What is the units digit of r?
5
Suppose -5*q + 9715 = -5*z, 3*q + 2*q - z - 9723 = 0. Suppose -33*h + 28*h + q = 0. Suppose 97 = 9*f - h. What is the units digit of f?
4
Let j be 4*((-2172)/(-8) - -5). Suppose 0 = 3*u - 17*p + 22*p - 844, -3*p - j = -4*u. What is the hundreds digit of u?
2
Let p(t) be the first derivative of 3*t**5/40 - 5*t**4/2 + 29*t**3/3 + 10. Let g(w) be the third derivative of p(w). What is the tens digit of g(8)?
1
Let r(i) = i**3 - 17*i**2 + 31*i - 13. Let s be r(15). Suppose -s*n - 10 = 0, 2*n - 135 = 3*v - 1018. What is the hundreds digit of v?
2
Suppose f - 2*f + 36 = -2*z, -162 = -5*f + z. Suppose 3*i - f = -i + 2*g, 5*i - 40 = -4*g. Suppose -j = i*j - 1026. What is the units digit of j?
4
Let l = 2651 + -1548. Suppose 2*a = b + l, 2*b = 5*a - 1349 - 1411. What is the units digit of a?
4
Let i = 10120 - 1146. What is the hundreds digit of i?
9
Let p = 1231 + -620. Let a = p + -184. What is the tens digit of a?
2
Let o = -252 + 512. Suppose -a + 185 = -o. Suppose a = 16*g - 1459. What is the tens digit of g?
1
Suppose 8 - 23 = -3*w. Suppose -w*l + 745 = -0*l. Suppose -4 = p - 2, 3*f = 4*p + l. What is the tens digit of f?
4
Suppose 6*g - 11*g = 5*u + 15, g = 2*u. What is the units digit of u/5 - (-24)/45*1626?
7
Let m be -2 + 0 - -3 - -198. Suppose -4*v - 3*f = m, -26 = -4*v + 4*f - 218. Let r = v - -57. What is the units digit of r?
8
Let c(h) = -312*h + 1. Let g be c(-1). Let p be ((66/55)/(6/4))/(10/(-2150)). Let t = g + p. What is the tens digit of t?
4
Suppose -2*a = -4*g - 8, -4*a + 12*g = 7*g - 10. Suppose 3*x = -0*x + 15. Suppose a = -n + 2*p + 30, x*n - 4*n - 4*p = 24. What is the units digit of n?
6
Suppose -40180 = 168*v - 175*v. What is the tens digit of v?
4
Let u = 29544 + -12567. What is the ten thousands digit of u?
1
Let y(g) = 180*g - 3. Let r = 92 + -85. Let x(o) = -270*o + 5. Let d(j) = r*y(j) + 5*x(j). What is the tens digit of d(-2)?
8
Let r(k) = 11586*k**2 - 221*k + 221. What is the ten thousands digit of r(1)?
1
Suppose -5*k + 4*v - 72 = 0, -24 = 3*k + 3*v + 3. Let o be k/(-16) - (-15)/(-20). Suppose o = -h + 54. What is the tens digit of h?
5
Let u = 344 - -88. Let d(p) = -3*p + 2. Let m be d(-1). Suppose 0 = -3*g - 2*w + u, -m*g + 576 = -g + 2*w. What is the tens digit of g?
4
Let x = 297 + -468. Suppose 2*h - 752 = -n, 3*n + 6 + 384 = h. Let j = h + x. What is the tens digit of j?
0
Let s = 60950 + -40018. What is the tens digit of s?
3
What is the tens digit of (-1)/(-4) - (-1071590)/104?
0
Suppose -13*n - 2*n = -24000. Let l = n - -384. What is the tens digit of l?
8
Let v be 21/5 - (-14)/(-70). Let h be 2 - (-2 + (v - 5)). Suppose 0*q = -2*q - 3*i + 124, -q + 48 = h*i. What is the units digit of q?
8
Suppose -2*t - t - 159 = -3*p, 4*t = p - 206. Let c = t - -71. Suppose 23*q = c*q + 726. What is the units digit of q?
2
Let z = -7 + 12. Suppose -2117 + 272 = -z*r. What is the tens digit of r?
6
Let m be 146/(-73) + 12322 + 0. Suppose 12*y = 2*y + m. What is the tens digit of y?
3
What is the thousands digit of ((-13653)/222)/(3/(-260))?
5
Let g = 18588 + -6254. What is the thousands digit of g?
2
Let t(h) be the second derivative of h**5/20 - 3*h**4/2 + 7*h**3/2 - 3*h**2 + 17*h. Let j be t(17). Suppose 0 = 4*u - j - 34. What is the tens digit of u?
2
Let u = 2633 + -1853. Let g = u + 461. What is the thousands digit of g?
1
Let b(y) = -8*y - 7*y**2 + 0*y**2 - 8 + 10 + y**3. Let u be b(9). What is the tens digit of (-1)/(0 + (4/u)/(-1))?
2
Let v(m) = m**3 + 9*m**2 + 5*m + 3. Let g be v(-8). Suppose 53*w = 49*w + 280. Let p = w - g. What is the units digit of p?
3
Let p be 7 + (-255)/45 + (-1799)/(-3). Suppose p*z = 605*z - 4488. What is the hundreds digit of z?
1
Let u = -241 - -240. Let x be (10/3)/((-40)/(-660)). Let s = u + x. What is the units digit of s?
4
Let q = -68163 - -100173. What is the ten thousands digit of q?
3
What is the hundreds digit of (-10012842)/(-198) + ((-216)/(-440) - (-4)/(-10))?
5
Suppose p + 306102 = 12*p + 5*j, -4*p + 4*j = -111304. What is the hundreds digit of p?
8
Let j(k) = 58*k - 103. Let a(c) = 3*c - 2. Let o(u) = a(u) - j(u). What is the hundreds digit of o(-6)?
4
Let m be (-4)/(-10) - 160/(-100). Suppose 3996 = 5*q - 5*j - 1439, 0 = -q + m*j + 1082. What is the thousands digit of q?
1
Let w = 85 - 83. Suppose w*r = -4*r + 1368. Suppose 692 + r = 8*u. What is the hundreds digit of u?
1
Suppose -t + 4*g + 300 = 0, -4*g = 2*t - 7*t + 1420. Let k be 36/30*t/3. Suppose 3*n + 19 = k. What is the units digit of n?
1
Let i = 15 - -16. Suppose -14*w + 1728 = 468. Let f = w + i. What is the units digit of f?
1
Suppose -60*p = -53*p - 83349. Suppose -143*a + 134*a = -p. What is the hundreds digit of a?
3
Suppose 22*b - 198720 = 361158. What is the thousands digit of b?
5
Let d(n) = 24*n**2 + 310*n + 102. What is the tens digit of d(-24)?
8
Let o(h) = 8*h**2 - 1387*h - 104. What is the hundreds digit of o(-22)?
2
Let y(t) = 170*t**2 - 771*t + 11. What is the units digit of y(-7)?
8
Let w be (2 + (2 - 0))*3465/44. Suppose q - w = 2*c, -5*c - 930 = -3*q - 2*c. What is the units digit of q?
5
Suppose -4*d + 3711 = h, 4*d - 3725 = -29*h + 26*h. What is the hundreds digit of d?
9
Let m(k) = 25*k**2 - 150*k + 1959. What is the thousands digit of m(19)?
8
Let i be (-5 + 15 + -9)/((-2)/578). Let a = -278 - i. What is the tens digit of a?
1
Let c = 263 - 654. Let b = 29 - c. What is the units digit of b?
0
Let z = 140 - 136. Let d(w) = 56*w - 17. What is the hundreds digit of d(z)?
2
Suppose 102729 + 33891 = 2*k + 2*b, b = 6. What is the units digit of k?
4
What is the tens digit of (-108)/(-540) - 619996/(-20)?
0
Suppose 0 = 